32b154?
-a32b157
In base 9, what is 2 - 313740067?
-313740065
In base 4, what is 13002 - -12200001?
12213003
In base 3, what is -12 - -120121110121102?
120121110121020
In base 5, what is 4 - -113403442141?
113403442200
In base 6, what is -1151 - 121234?
-122425
In base 6, what is 151515 - 21120?
130355
In base 11, what is 6a2a8736 + 5?
6a2a8740
In base 9, what is 1 + -81688188?
-81688187
In base 7, what is -1622615542 - -2?
-1622615540
In base 16, what is 1d8fa90 + 0?
1d8fa90
In base 7, what is 54360141 - -1?
54360142
In base 13, what is -2a49 + -10625?
-13371
In base 13, what is -522218 + 9?
-52220c
In base 4, what is -122011 + -3203002?
-3331013
In base 14, what is -2 + 6406ddd?
6406ddb
In base 2, what is 11111110000 - 10000010011100?
-1100010101100
In base 4, what is 20202123221 + -11?
20202123210
In base 11, what is -3 - -7614217?
7614214
In base 6, what is -411353 + 13343?
-354010
In base 4, what is -203 + 22113223100?
22113222231
In base 5, what is 2313 + -1012134330?
-1012132012
In base 3, what is 1021222201 + -101011110?
220211021
In base 5, what is -3 - 1400420113?
-1400420121
In base 3, what is 22 - 1000210102101011?
-1000210102100212
In base 5, what is 233230 + -2334?
230341
In base 12, what is -2b8834 - -36?
-2b87ba
In base 2, what is 100110101 - 101000001100100101?
-101000000111110000
In base 13, what is 5a - 9b9a5?
-9b948
In base 3, what is -11022 - 2000102022121?
-2000102110220
In base 5, what is 23 - 221111430?
-221111402
In base 10, what is 48769935 + 17?
48769952
In base 6, what is 4 + 30451144415?
30451144423
In base 4, what is 31001133202 - -11?
31001133213
In base 16, what is 4539f + -199?
45206
In base 14, what is 141 + -6ca0?
-6b5d
In base 5, what is 2 + 13033342011?
13033342013
In base 7, what is -1343221552 + 15?
-1343221534
In base 13, what is -517110 + -4aa?
-5175ba
In base 11, what is 20250 - 1009?
1a242
In base 11, what is -1 - 455233?
-455234
In base 15, what is 2d3e2 - 7d?
2d364
In base 11, what is 4139245 - 5?
4139240
In base 14, what is 116 + 9579?
9691
In base 14, what is 4 - 246b065?
-246b061
In base 3, what is 1 + -211210112000221?
-211210112000220
In base 14, what is -b348 - -a39?
-a70d
In base 10, what is 300793 + -3?
300790
In base 14, what is -37ab0 - -85?
-37a29
In base 2, what is 111101010 - 110010011000110110001?
-110010010111111000111
In base 5, what is -2 - 12400420244?
-12400420301
In base 13, what is 15 + -4095?
-4080
In base 8, what is 2151 + -64215?
-62044
In base 6, what is 20025 - -314050?
334115
In base 8, what is 24257345 - -4?
24257351
In base 13, what is 4ba - -1553?
1a40
In base 10, what is -169276 + 34?
-169242
In base 14, what is -12 + -51c601?
-51c613
In base 12, what is 55b + 874a?
90a9
In base 14, what is -2 - -8704d5b?
8704d59
In base 4, what is -10002112 - 33221223?
-103230001
In base 9, what is 83505845 - 25?
83505820
In base 7, what is -32255405 + -162?
-32255600
In base 11, what is -1 - -270a8161?
270a8160
In base 3, what is 20110 + 202000011020?
202000101200
In base 15, what is -24 + -ec33b?
-ec360
In base 3, what is -1101201010011 - -1122?
-1101201001112
In base 7, what is -30410424 - 64?
-30410521
In base 7, what is 316 - 3055?
-2436
In base 15, what is 5 - -14ab2768?
14ab276d
In base 6, what is 3305 + -1034?
2231
In base 3, what is -221101020 + 12011?
-221012002
In base 3, what is 202021101 + 201001001?
1110022102
In base 15, what is -3 - 4805b5a?
-4805b5d
In base 4, what is -1320 + 12020022011?
12020020031
In base 8, what is 0 + -1362256232?
-1362256232
In base 10, what is -4 - -4056899?
4056895
In base 11, what is -15792121 + -1?
-15792122
In base 3, what is 110120020102 - 11111?
110120001221
In base 7, what is -54 - 10565151?
-10565235
In base 13, what is b98476 - 47?
b9842c
In base 6, what is 3142113024 + -3?
3142113021
In base 7, what is 14664 + -114456?
-66462
In base 9, what is 10612485 + 4?
10612500
In base 6, what is -24435122012 + 5?
-24435122003
In base 8, what is 0 + 413166100?
413166100
In base 12, what is 5923 - -98?
59bb
In base 16, what is 2e + -11d82b?
-11d7fd
In base 4, what is -3303232 - -102012?
-3201220
In base 15, what is 324 + -3c8c?
-3968
In base 3, what is -20010 + 2021121?
2001111
In base 11, what is 2879336a0 - 4?
287933697
In base 15, what is 71 + -31171?
-31100
In base 10, what is 57202 + 1064?
58266
In base 16, what is -15ab50 - -1?
-15ab4f
In base 10, what is 0 + -49010811?
-49010811
In base 12, what is 7692 + -1280?
6412
In base 5, what is -41222041114 + 0?
-41222041114
In base 7, what is -2255256 - -342?
-2254614
In base 12, what is 18 + -5450158?
-5450140
In base 5, what is 12332330 - 2240?
12330040
In base 7, what is -10 + 320113523?
320113513
In base 14, what is -3 + -2135cd0a?
-2135cd0d
In base 16, what is 0 - 152c0e8?
-152c0e8
In base 5, what is -11102 - -1244430?
1233323
In base 12, what is -4a025 + 281?
-49964
In base 7, what is -4334 + 2236503?
2232136
In base 12, what is a4 - -6482?
6566
In base 5, what is -2 - 4340231421?
-4340231423
In base 13, what is 202 - a16a?
-9c68
In base 15, what is 104 - -40637?
4073b
In base 5, what is 300230023 + 1141?
300231214
In base 11, what is -7011 + -4190?
-101a1
In base 11, what is -41381901 - -3?
-413818a9
In base 3, what is 12 + -1202212101120211?
-1202212101120122
In base 3, what is -200201220002020 + 1?
-200201220002012
In base 14, what is 239055c + -4?
2390558
In base 2, what is 1011111001001001 + -11011100011110?
1000011100101011
In base 14, what is -156a8c2 + -35?
-156a917
In base 8, what is 30 + -135666?
-135636
In base 16, what is -2 + -85518d7?
-85518d9
In base 16, what is 66d + 162ef?
1695c
In base 14, what is 5 - -8c376?
8c37b
In base 11, what is -2251 + 806?
-1546
In base 12, what is -a + 42b286a?
42b2860
In base 13, what is -4 - -938430?
938429
In base 9, what is -187351422 - 2?
-187351424
In base 10, what is 4 + 44719701?
44719705
In base 6, what is -204555 + 1534?
-203021
In base 6, what is 5030022 - 13?
5030005
In base 5, what is 2 - 1044222421?
-1044222414
In base 2, what is 100000111101100 + 1010111?
100001001000011
In base 2, what is 10001000100000100 - 101?
10001000011111111
In base 9, what is -41603146 + -20?
-41603166
In base 5, what is -121412 - 30030?
-201442
In base 12, what is 18033 - -176b?
197a2
In base 11, what is -370464 - 19?
-370482
In base 13, what is -34 + -489a32?
-489a66
In base 12, what is -9a0a - 428?
-a236
In base 16, what is -29ca6b + 51?
-29ca1a
In base 4, what is -3312313110 - -222?
-3312312222
In base 11, what is 9a71a231 + 5?
9a71a236
In base 6, what is -2211000134 + 4?
-2211000130
In base 15, what is -bed14c + 3?
-bed149
In base 16, what is -8 + -d2cb3?
-d2cbb
In base 11, what is 742a78 + 6?
742a83
In base 4, what is -10 + -1032210122?
-1032210132
In base 13, what is 3aca9894 + 5?
3aca9899
In base 4, what is -220233031 + 203?
-220232222
In base 9, what is -11272 - -305?
-10866
In base 11, what is 3734a7 - 284?
373223
In base 6, what is 23055033511 + 4?
23055033515
In base 7, what is -44 + -3003014?
-3003061
In base 14, what is 336828 - 4?
336824
In base 10, what is 40338628 + -4?
40338624
In base 8, what is 326672 - -22?
326714
In base 2, what is 100101 + -11001011101100011011?
-11001011101011110110
In base 14, what is 39a + 1498?
1854
In base 14, what is -53a - 2d35?
-3471
In base 6, what is 22510 - -2432304?
2455214
In base 16, what is -8a40 + -4?
-8a44
In base 9, what is -220734 + -18104?
-238838
In base 7, what is -4030332 + 2?
-4030330
In base 13, what is -3 - -1c0282c3?
1c0282c0
In base 8, what is -73 - 5710?
-6003
In base 6, what is 435422 + 2153?
442015
In base 7, what is 16642150125 - 0?
16642150125
In base 12, what is 45 + 143662?
1436a7
In base 4, what is 31300121011 - 103?
31300120302
In base 9, what is 45351 + -281?
45060
In base 6, what is 1420 - 101251233?
-101245413
In base 12, what is 3555 - -15260?
187b5
In base 4, what is 11 + 32031213103?
32031213120
In base 14, what is 69 - 5224c?
-521c3
In base 3, what is -202 - 2220202022120?
-2220202100022
In base 16, what is -3c5a7a + -5?
-3c5a7f
In base 4, what is -101210012031320 - 11?
-101210012031331
In base 16, what is -41d8e1c + 1?
-41d8e1b
In base 6, what is 10225 - 112125?
-101500
In base 5, what is -113343313 - -10?
-113343303
In base 9, what is 0 + -17076807?
-17076807
In base 3,